 - 2 = -p, -2*f + 2 = -6*f + p. Suppose f = 5*j - 0*j - 65. Calculate the highest common factor of j and 65.
13
Let u(w) = -61 - 10 + 0*w - 3*w + 37. Let i be u(-22). What is the greatest common factor of i and 16?
16
Suppose 4*d - 20 = 0, -29 = -3*a - 188*d + 184*d. Calculate the highest common divisor of a and 597.
3
Let p(w) = 32*w - 1053. Let l be p(36). Calculate the highest common divisor of l and 243.
9
Suppose -4*j + 67 - 11 = 0. Let u = 21 - j. Suppose -2 - u = -3*r. What is the greatest common factor of r and 12?
3
Let v(a) = 14*a + 14 - 50 - 18*a. Let n be v(-12). What is the highest common divisor of n and 8?
4
Suppose 684 = -455*n + 464*n. What is the highest common factor of 133 and n?
19
Let u = -2 - -36. What is the greatest common factor of u and 850?
34
Let s = -1 + -9. Let g = 13 + s. Suppose 0 = g*j - 0*j - 24. What is the highest common factor of j and 32?
8
Suppose q - 2*p = 3*p + 20, -3*q - 3*p - 30 = 0. Let h(c) = -60*c + 19. Let r be h(q). Calculate the highest common factor of r and 29.
29
Let r be 16/(-12)*-477 - (-3 - 1). Calculate the greatest common divisor of 40 and r.
40
Let h = 887 + -842. Calculate the highest common factor of 600 and h.
15
Let n be (-3)/(-12)*8 - -131. What is the highest common factor of n and 19?
19
Let j(a) = -a**3 + 2*a**2 + 2*a + 4. Let s be j(3). Let c(h) = -h + 10. Let t be c(6). Calculate the highest common factor of t and s.
1
Let i = -91 + 55. Let x = i + 157. What is the greatest common divisor of x and 11?
11
Suppose -13 = 2*w + 1. Let x(t) = t**2 + 5*t - 8. Let s be x(w). Calculate the greatest common divisor of 15 and s.
3
Let p be 16/2 - ((-24)/(-6) - 2). Suppose -3*r + 45 = p*r. Calculate the greatest common factor of r and 20.
5
Suppose -117 - 207 = -12*w. Calculate the greatest common factor of w and 216.
27
Let w = -64 + 66. Let u be 145/6 + 2/12*-1. Calculate the greatest common factor of w and u.
2
Let t(h) = 8*h**2 + h - 4. Let m be t(-4). Suppose -2*g + 8*x = 4*x - 60, -g = x - 21. What is the highest common divisor of g and m?
24
Let c = -74 + 78. Let t be (c + -3)/((-2 + 3)*1). Calculate the greatest common factor of 2 and t.
1
Suppose 8*g = 2*g + 174. Suppose 0 = 5*w - l - 41, -3*w + 8*l + g = 3*l. Suppose 0*z - 3*z = -72. What is the greatest common divisor of z and w?
8
Let s = 58 - 55. Suppose s*l + l = 320. Calculate the greatest common factor of l and 16.
16
Let l(u) = -u**2 - 8*u - 8. Let w be l(-5). Calculate the greatest common factor of w and 7.
7
Let o(k) = 3*k + 14. Let g be o(9). Suppose 8*y = 167 + g. Calculate the greatest common factor of y and 26.
26
Let k(f) = -2*f**3 + 5*f**2 + 14*f - 1. Let d be k(4). What is the highest common factor of 203 and d?
7
Let w(d) = d**2 - 4*d - 3. Let m be w(4). Let b(l) = -2*l - 2. Let i be b(m). Suppose v - i*v = -27. Calculate the greatest common divisor of 9 and v.
9
Let l be 2 + 8/(-4) + -1. Let d be (l/(-2))/(1/12). Suppose 3*t = -4*c + 11, c - 2*t + 12 = d*c. Calculate the highest common divisor of 14 and c.
2
Let j = -59 - -62. Let g be j - 24/9 - 304/(-6). Calculate the greatest common factor of g and 255.
51
Suppose 5*c + 0*x - 82 = 3*x, 3*c - 46 = 5*x. Let d be 3/(3/c) - -1. What is the greatest common divisor of d and 54?
18
Let u(a) = -6*a**3 + 2*a**2 - 53*a - 266. Let y be u(-5). Calculate the highest common divisor of y and 47.
47
Suppose -s + 2*a - 155 = -4*s, -5*a = -3*s + 148. Let u = -2528 + 2545. Calculate the highest common divisor of s and u.
17
Suppose 0*a = 4*a - 12. Let p be (1/(-2))/(a/(-6)). Suppose -3*o - 21 = -24. Calculate the highest common divisor of p and o.
1
Let x(y) = 3*y**3 - 4*y**2 + y + 2. Let z = 7 - 10. Let f be 5 + (4 - 3)*z. Let v be x(f). What is the highest common factor of v and 12?
12
Let y(i) be the first derivative of -27*i**2 - 3*i - 55. Let w = -4 - -2. Let t be y(w). What is the greatest common factor of t and 15?
15
Let r(d) = d**3 - 10*d**2 + 8*d + 12. Let z be r(10). Suppose -z = -7*v + 62. Calculate the greatest common divisor of 22 and v.
22
Let v(w) be the second derivative of w**5/20 + 7*w**4/4 + 7*w**3/2 + 15*w**2 - 14*w. Let g be v(-20). What is the highest common factor of g and 70?
10
Suppose -4*a - b - 11 = 0, 4*a + 15 = 4*b - 21. Let l be (-2 - -102)/a + 3. Let r = -16 - l. What is the highest common divisor of 54 and r?
6
Let s be 135 - (44/(-14) + (-1)/(-7)). Suppose s = 5*n - 4*q + 24, -q = -4*n + 100. Calculate the greatest common factor of n and 39.
13
Suppose 4*z - 20*v + 19*v = 420, -5*v + 315 = 3*z. Calculate the highest common factor of z and 140.
35
Let y be ((-4)/(-7))/((-14)/(-49)). Suppose 68 = -y*z + 4*z. What is the greatest common factor of z and 85?
17
Let a = 123 - 113. Let i be 219/6 - (a/4)/5. Calculate the greatest common divisor of 96 and i.
12
Let z be (-5)/(15/24) + 3 + 30. Let o = 53 - -147. Calculate the greatest common divisor of o and z.
25
Let c = -58 - -62. Suppose -86 = -c*u + 2*i - 36, 2*u - 3*i - 15 = 0. What is the highest common divisor of u and 5?
5
Let i = 24 - 24. Suppose i = -20*x + 25*x - 330. What is the highest common factor of x and 6?
6
Let f = 210 + -118. Suppose 0 = 4*d - 4*x - 160, d = -d - 4*x + f. Calculate the highest common divisor of d and 210.
42
Let t(d) = -2*d**3 + 30*d**2 + 2*d - 5. Let c be t(15). What is the highest common factor of c and 15?
5
Let n = -96 - -162. Suppose 4*t + 5*b = 161, 3*t - b - 138 = b. What is the greatest common factor of t and n?
22
Let b = 589 + -573. Calculate the greatest common divisor of b and 384.
16
Suppose 9*s + 262 = 46. Let g = s - -36. Calculate the highest common factor of g and 9.
3
Let y = -12 + 21. Suppose 0 = -5*a + d - 0*d + 47, -5*d - 28 = -2*a. Suppose 0 = 2*l + n - a, -l + 4*n = -y. Calculate the highest common factor of l and 45.
5
Let y(q) = q**3 - 12*q**2 - 12*q + 1. Let s be y(13). Let z = 1 - -1. Calculate the highest common divisor of s and z.
2
Let w = -59 - -135. Suppose -5*u + 2*v + 438 = -w, 0 = -u + 2*v + 98. Calculate the highest common factor of u and 26.
26
Suppose -3*v - 171 = -4*x + 180, 4*x + 5*v = 375. Calculate the highest common divisor of x and 110.
10
Let n(w) = w**2 - 2. Let g be n(-2). Calculate the highest common factor of g and 2.
2
Suppose j = -2*j + 6, -5*j = -g - 20. Let i be 4 + (-6)/24 + g/(-8). Calculate the greatest common factor of i and 20.
5
Let q(l) = -l**3 - 4*l**2 + 41*l + 14. Let s be q(-9). What is the highest common factor of 10 and s?
10
Let m = 348 + -293. Suppose -5*t = -4*t - 5. What is the highest common divisor of m and t?
5
Suppose c = -3*s + 20, 3*c = -c - 2*s + 60. Suppose 4*v - 2*v + 288 = 5*x, v = -4*x + 220. Calculate the highest common factor of c and x.
14
Let j be 2/(-5) + (-282)/(-5). Suppose -3*f + 7*f = -2*w + 8, -3*f = w - 3. Let i be (2/(-1) - -3)/1 + w. What is the highest common factor of j and i?
7
Let z(o) = -6*o - 22. Let b be z(-6). Let f(w) = -w**3 + 9*w**2 - 13*w - 2. Let g be f(6). What is the highest common factor of b and g?
14
Suppose i + 120 = 7*i. Suppose -3*o = -4*o + 4. Suppose -o*a = -a - 660. What is the greatest common divisor of a and i?
20
Suppose x - 10 = -7. Suppose -5*o - 2*u = -54 - 19, -o = -4*u + x. What is the highest common factor of 117 and o?
13
Let w(k) = -2*k**3 - 5*k - 4. Let c be w(-2). Suppose -c*v = -27*v + 195. Calculate the greatest common factor of 26 and v.
13
Suppose d + 51 = 3*m + 2*m, -m + 3*d = -13. Calculate the highest common divisor of m and 8.
2
Suppose x + 2*n - 24 = 0, -5*x + 19 = -3*n - 88. Suppose -2*z - x = -82. What is the highest common factor of z and 240?
30
Suppose 962*a - 948*a = 22372. Calculate the highest common divisor of a and 94.
94
Let s(u) = -36 + 3*u - 3*u - 2*u - 10*u. Let f be s(-17). What is the greatest common factor of f and 21?
21
Suppose 3*k = 6*k - 81. Let w = k + 82. Suppose -5*a + 3*b = -w, -b - 4*b - 55 = -2*a. Calculate the greatest common divisor of a and 10.
10
Suppose -517 = -5*u + 323. Calculate the greatest common factor of 120 and u.
24
Let y be (1/(-3))/(3/774*-2). Let l = y + -35. Suppose 5*r - 7 = -2. Calculate the highest common divisor of l and r.
1
Let c = -44 + 104. Suppose -5*y - 11 = -u + 5*u, -3*y - 5 = 2*u. Let o be c/((-2)/8*u). Calculate the highest common divisor of o and 24.
12
Suppose 5*y